{"id":72,"date":"2023-02-21T13:59:38","date_gmt":"2023-02-21T12:59:38","guid":{"rendered":"https:\/\/www.vfbtaegerig.ch\/?page_id=72"},"modified":"2023-02-21T13:59:38","modified_gmt":"2023-02-21T12:59:38","slug":"mitglied-werden","status":"publish","type":"page","link":"https:\/\/www.vfbtaegerig.ch\/?page_id=72","title":{"rendered":"Mitglied werden"},"content":{"rendered":"\n<p>Werde Mitglied in unserem Verein, lade das Antragsformular runter, f\u00fclle es aus und sende es per E-Mail an die Adresse im Formular, wir freuen uns dich bald im Verein begr\u00fcssen zu d\u00fcrfen.<br><br><a href=\"https:\/\/www.vfbtaegerig.ch\/wp-content\/uploads\/2023\/02\/Antrag_Vereinsmitgliedschaft.pdf\" data-type=\"attachment\" data-id=\"74\">Antrag_Vereinsmitgliedschaft<\/a><\/p>\n\n\n\n<p><\/p>\n","protected":false},"excerpt":{"rendered":"<p>Werde Mitglied in unserem Verein, lade das Antragsformular runter, f\u00fclle es aus und sende es per E-Mail an die Adresse im Formular, wir freuen uns dich bald im Verein begr\u00fcssen zu d\u00fcrfen. Antrag_Vereinsmitgliedschaft<\/p>\n","protected":false},"author":2,"featured_media":0,"parent":0,"menu_order":0,"comment_status":"closed","ping_status":"closed","template":"","meta":{"footnotes":""},"class_list":["post-72","page","type-page","status-publish","hentry"],"_links":{"self":[{"href":"https:\/\/www.vfbtaegerig.ch\/index.php?rest_route=\/wp\/v2\/pages\/72","targetHints":{"allow":["GET"]}}],"collection":[{"href":"https:\/\/www.vfbtaegerig.ch\/index.php?rest_route=\/wp\/v2\/pages"}],"about":[{"href":"https:\/\/www.vfbtaegerig.ch\/index.php?rest_route=\/wp\/v2\/types\/page"}],"author":[{"embeddable":true,"href":"https:\/\/www.vfbtaegerig.ch\/index.php?rest_route=\/wp\/v2\/users\/2"}],"replies":[{"embeddable":true,"href":"https:\/\/www.vfbtaegerig.ch\/index.php?rest_route=%2Fwp%2Fv2%2Fcomments&post=72"}],"version-history":[{"count":2,"href":"https:\/\/www.vfbtaegerig.ch\/index.php?rest_route=\/wp\/v2\/pages\/72\/revisions"}],"predecessor-version":[{"id":75,"href":"https:\/\/www.vfbtaegerig.ch\/index.php?rest_route=\/wp\/v2\/pages\/72\/revisions\/75"}],"wp:attachment":[{"href":"https:\/\/www.vfbtaegerig.ch\/index.php?rest_route=%2Fwp%2Fv2%2Fmedia&parent=72"}],"curies":[{"name":"wp","href":"https:\/\/api.w.org\/{rel}","templated":true}]}}